t z(c) = -c - 26. Let d be z(-10). What is the units digit of (-290)/(-8) + (-12)/d?
7
Let h = -8 - -4. Let q = 137 - 75. Let g = q + h. What is the units digit of g?
8
Let o(i) = i**3 + 17*i**2 + 10*i + 19. What is the tens digit of o(-12)?
1
Let z = 11 + -47. Let o = z + 55. What is the tens digit of o?
1
Suppose 0 = 4*t + 2*c - 1552, 0*t = 4*t + 5*c - 1540. Suppose -t = 3*i - 8*i. What is the tens digit of i?
7
Let a be (-34 - -2)/(-4) - 4. Suppose -3*n + 44 = -5*y, -a*n + 54 = -0*y - 2*y. What is the units digit of n?
3
Let j be 110/25 - 4/10. Suppose -2*h + j*x = -124, -4*h - 4*x + 224 = 12. Suppose -2*d - 5*p + 0 = -35, 4*d = 4*p + h. What is the tens digit of d?
1
Let i = -14 - -2. Let x = -7 - i. Suppose x*r + 5 = 10. What is the units digit of r?
1
Suppose 7*o - 59 + 10 = 0. Suppose -o*w + 2205 = 8*w. What is the tens digit of w?
4
Let b = 18 - 8. Let d be 3 + (b - 3 - -3). Suppose 0*p - 2*p = 4*l + 2, 2*l = 3*p - d. What is the units digit of p?
3
Let y(n) = -4*n - 2. Let w be y(1). Let j be w/4 + (-131)/(-2). Suppose 2*o + j = 4*o + 4*t, -108 = -4*o - 4*t. What is the tens digit of o?
2
Suppose 2*d = -3*z + 5*d + 51, -d = 0. Suppose 189 = -16*j + z*j. What is the hundreds digit of j?
1
Suppose -o = n - 1266, 4*o = 3*n - 42 + 5099. What is the tens digit of o?
6
Let j(d) be the first derivative of d**3/3 - 2*d**2 + d - 2. Let l be j(4). What is the units digit of (-39)/(-13) + l + 20?
4
Let j = -31 - -22. Let h be (j/(-12))/((-1)/12). Let o = h - -37. What is the units digit of o?
8
Let b = 1216 + -678. What is the units digit of b?
8
Let d(m) = 6*m**3 - 22*m**2 + 15*m - 48. What is the hundreds digit of d(9)?
6
Suppose -6*o = 3*i - 3*o + 6, -25 = -5*o. Let h(p) = 3*p**2 + 18*p + 5. What is the tens digit of h(i)?
2
What is the hundreds digit of (42*119/4)/(6/8)?
6
Let v be ((-1)/(-2))/(2/(-4)). Let b be (3 + v)*10/(-4). Let f(m) = -m**3 - 6*m**2 - 5*m + 4. What is the units digit of f(b)?
4
Let s(m) = 3 - 2 - 1 + 1 + 29*m. What is the tens digit of s(2)?
5
What is the hundreds digit of (-7)/(14/(-12))*14542/44?
9
Let d = 221 + 986. What is the thousands digit of d?
1
Suppose -3*o + 5*u = u - 511, 0 = 2*u - 10. Suppose 2*d = g + 382, -d + 3*g = -g - o. What is the units digit of d?
3
Suppose 5*z = -3*q + 1112, -4*q + 126 = -5*z - 1380. What is the tens digit of q?
7
Suppose -2*b + 3*t + 5509 + 518 = 0, b + t = 3001. What is the thousands digit of b?
3
Let h(i) = i**3 + 9*i**2 - 17. Let l be h(-7). Suppose -5*s + 49 = 2*u - l, 5*s + 4*u = 130. What is the units digit of s?
6
Let x(t) = 3*t + 11. Let h(m) = -8*m - 34. Let i(s) = -4*h(s) - 11*x(s). Let b be i(20). Let z(u) = 3*u**2 + 3*u. What is the units digit of z(b)?
0
Suppose 2*g = 7*g + 5, -3*k + 3*g - 3 = 0. What is the hundreds digit of k + (5 - 4) + 214?
2
Let a(u) = 26*u**2 - 2*u + 1. Let d be a(1). Let s = -14 + d. Suppose s*l = 16*l - 90. What is the units digit of l?
8
What is the tens digit of 1/10 - (-8 + 245268/(-120))?
5
What is the units digit of 201/(15/(-6) + 5 + -1)?
4
Suppose 0 = -5*x + 2*z + 1546, -x - 3*x = -2*z - 1238. What is the tens digit of x?
0
Let k(s) = 12*s**2 - 210*s - 6. What is the thousands digit of k(-6)?
1
Let x be (2/5)/(3/30). Suppose -2*l = -2*b + 4 + 18, 4*b + x*l = 4. What is the units digit of b?
6
Let i be (-54)/12*((-12)/(-9) - 2). Suppose -i*y - 33 = -3*x, 11 = 4*x + 3*y - 33. What is the tens digit of x?
1
Let i = 3814 + -2285. What is the tens digit of i?
2
Let k be ((-3)/(-2))/(-2*(-6)/96). What is the tens digit of (-2 + k/15)/((-27)/2520)?
1
Suppose -w + 1310 = p - 267, -3*p + 4*w + 4703 = 0. What is the tens digit of p?
7
Suppose -377 = -4*q + 575. Suppose -4*l = q - 746. What is the hundreds digit of l?
1
Suppose f = 3, n + 5*f - 15 = 5. Suppose -2*x = -n*x + 579. What is the hundreds digit of x?
1
Let a(d) = d**3 + 4*d**2 - 7*d - 6. Let q be a(-7). Let u(i) = -i**3 - 5*i**2 - 5*i - 9. Let x be u(-4). What is the tens digit of (2 + q/20)*x?
1
Let y(w) = 4*w**2 + 10*w - 5*w**2 + 3*w**2 - 35 + 34. Let f = -15 - -7. What is the units digit of y(f)?
7
Suppose 213 = -2*r + 919. What is the hundreds digit of r?
3
Let p = 1812 - 575. What is the tens digit of p?
3
Suppose -6*a = 5*v - a + 20, 7 = 2*v - 3*a. Let z be v*1/((-4)/(-8)). What is the tens digit of (-3)/z - 231/(-6)?
4
Let f(o) = 11*o**2 + 2*o + 2. Let r be f(-1). Suppose 4*j + 19 = -3*v, 3*v + r = -2*j - 0*j. What is the tens digit of 0 - ((v - -1) + -47)?
4
Suppose -292 = -5*q + 198. Let p = -38 + q. What is the tens digit of p?
6
Suppose 5*i + 2*l - 47 = 357, -316 = -4*i + 2*l. Let x = i - -34. What is the hundreds digit of x?
1
Let w = 55 + -51. Suppose w*d = 2*d + 20. What is the tens digit of d?
1
Suppose 0 = -2*n - 2, 4*l = -4*n + 8064. What is the tens digit of l?
1
Suppose 3*k - 75 = -3*l + 177, -4*l - 2*k + 334 = 0. Suppose -8*f - 5 = -9*f. Suppose 2*d + f*a = 3*a + 74, 2*d = -5*a + l. What is the units digit of d?
4
Suppose 0 = 7*k - 5 - 9. Suppose 5*l + 5*f = k*l + 474, 2*l - f = 316. What is the units digit of l?
8
Let p be (110/(-66))/(1/3). What is the tens digit of (-2717)/(-55) - 3/p?
5
Let b(w) = -w**2 - 10*w - 11. Let o be b(-8). Let x be (-150)/(-9)*6/o. What is the units digit of (-63)/(-5) + x/50?
3
Suppose 3*z - 2*z = 0. Suppose 2*w = -z*w + 8. Suppose w*y - 5 = 55. What is the tens digit of y?
1
What is the tens digit of 102/(-221) + (-3295)/(-13)?
5
Suppose -2*a - 5*n + 29 = 0, -4*n = -2*a + 3*a - 7. Suppose v + z - 2*z + a = 0, 79 = -3*v + 4*z. What is the units digit of 4/(-6) - v/3?
9
Let w(c) = -c**2 + 9. Let h be w(4). Let n(g) = g - 3. Let r be n(h). Let p = -2 - r. What is the units digit of p?
8
Suppose 5*d - 29 = -59. Let g(i) be the third derivative of -i**4/8 - i**3/6 - i**2. What is the units digit of g(d)?
7
Suppose -s = s - 4. Let x(l) = 3*l**s - l - 6 + 1 + 3*l + 2*l. What is the units digit of x(3)?
4
Suppose -7*n + 413 + 2485 = 0. What is the tens digit of n?
1
Let j be -37*1/3*1551/(-47). Suppose n - 3 = 1, 5*c - j = -3*n. What is the units digit of c?
9
Let d = -29 - -34. What is the units digit of 163/d + 9/(-15) + 0?
2
Suppose -g + 12 + 11 = 5*i, 12 = 3*g - 4*i. Let w = 10 - -17. Let n = w - g. What is the units digit of n?
9
Let g(u) = 3*u**2 - 1. Let h = 1 - 0. Let b be g(h). Suppose 66 = 3*c + 3*l, -c + 2*l + b = -l. What is the tens digit of c?
1
Let m be (2 - 1) + -5 + 3. Let o be (4/8 + m)*-6. Suppose 0 = -o*z + y - 4*y + 87, 4 = y. What is the units digit of z?
5
Suppose -2*j - 3*z = -315, 0 = 5*j - 3*z - z - 822. What is the tens digit of j?
6
Let n(j) = -j**3 + 32*j**2 + 43*j - 29. What is the thousands digit of n(32)?
1
Let c = 27 - 29. What is the units digit of (10 + -12)/(c/32)?
2
Let p(b) = b**2 + 7*b + 4. Let m be p(-6). Let t be -4*(21/m)/7. Suppose 0 = t*y - y + 20, 2*y - 62 = -5*q. What is the units digit of q?
4
Suppose 2*r + 21 = -3*g, 4*r - 4*g + g + 15 = 0. Let u = -2 - r. What is the tens digit of (u/3)/(12/396)?
4
Suppose -5*w = -2*y - 11334, -3*w - 2*y + 5214 + 1580 = 0. What is the hundreds digit of w?
2
Suppose 2*b - 42 - 92 = 0. Let l = b - -56. What is the units digit of l?
3
Suppose -q = -4, -6 = 2*w - 4*q + 8. Suppose 5*f - w = 2*s - 9, 2*f = 0. Suppose 0*g + s*g - 100 = 0. What is the units digit of g?
5
What is the hundreds digit of 772 - ((-1)/(-6) - (-2)/(-12))?
7
Let r(m) = 13*m - 3 + 11 - 15*m. Let t be r(-5). Suppose -o - o = -t. What is the units digit of o?
9
Let m(j) = j**3 - 4*j**2 - 10*j + 12. Let v be m(9). Suppose -v = l + 4*l + 4*c, -l = -c + 60. Let g = 91 + l. What is the tens digit of g?
2
Let d be 12/10*5/2. Suppose -4*x + 7 = -d*x. Let s(k) = 4*k - 4. What is the units digit of s(x)?
4
Suppose -2*i - 13*s + 18*s = -1785, i - 4*s = 888. What is the tens digit of i?
0
Let g(f) = -1 + 2*f**2 + 8 + 5*f - 2 - f**2. What is the units digit of g(-7)?
9
Let q(j) = -292*j - 130. What is the units digit of q(-2)?
4
Let w be ((-10)/25)/(3/(-30)). Let k(l) = -l + w*l + 1 + 7*l - 2*l. What is the units digit of k(1)?
9
Let t(y) = y**3 + 13*y**2 + 8*y - 22. Let k be t(-12). What is the units digit of (-4)/k - (-3563)/91?
9
Let k(h) be the first derivative of -h**4/4 - 2*h**3 - 7*h**2/2 + 11*h + 22. What is the hundreds digit of k(-7)?
1
Let j be (-12)/(-18) + (-98)/(-6). Let n = 40 - j. What i